+ 4*w - 5. Let u(f) = -15*f - 1. Let o be u(-1). Let a = o + w. Calculate the greatest common divisor of 45 and a.
9
Suppose 16 = 5*n + q, -n + 0*n = 5*q + 16. Suppose 5*p = -9*d + 14*d - 85, 0 = 3*d - p - 49. What is the highest common factor of n and d?
4
Let w(f) be the second derivative of -7*f**3/6 + 33*f**2 - 26*f. Let d be w(0). What is the greatest common divisor of d and 22?
22
Suppose -3*y + 36 = -3*s, -3*s + 31 = 5*y - 21. Let l = 195 + -74. What is the highest common factor of y and l?
11
Let m(v) = -4*v - 44. Let r be m(-15). Calculate the greatest common factor of r and 16.
16
Let x(y) = -y**2 - 11*y + 20. Let i be x(-11). What is the greatest common factor of i and 70?
10
Let t(s) = 2*s**3 + 83*s**2 + 41*s + 15. Let f be t(-41). Calculate the highest common factor of f and 675.
15
Suppose -2*z = -8*z + 1260. Calculate the greatest common divisor of z and 75.
15
Let q be ((-316)/28 - 8/(-28))/(-1). What is the greatest common divisor of 649 and q?
11
Let a(x) be the third derivative of -x**5/60 - 5*x**4/12 - 2*x**3 - x**2. Let w be a(-8). Let j = -39 - -51. Calculate the highest common divisor of j and w.
4
Suppose 6*q = -906 + 6036. Calculate the greatest common factor of q and 114.
57
Let g = 24 + -3. Suppose -2*y = -3*z - g, 8*y - 7*y = -2*z + 28. What is the highest common divisor of y and 72?
18
Suppose -3*x + 4*x - 3*a = -48, 2*x = 4*a - 100. Let p(j) = -j - 5. Let b be p(-6). Let l = b - x. What is the highest common divisor of l and 11?
11
Suppose 0 = -13*v + 116 + 92. Calculate the highest common factor of v and 464.
16
Let f(i) = -i - 9. Let p(o) = -o - 10. Let g(v) = -6*f(v) + 5*p(v). Let x be g(4). What is the highest common factor of 88 and x?
8
Let z be ((-3)/(-5))/(6/720). What is the highest common factor of 198 and z?
18
Let o(p) = -2*p - 2. Let s be o(-5). Suppose -x - s = -2*x. Let i = -15 + 39. What is the greatest common factor of i and x?
8
Let x be (-3)/(-15) - 88/(-10). Suppose -x*t = -4*t - 585. Suppose 0 = -f + 3*b + t, 0*b - 541 = -5*f + 4*b. What is the highest common factor of 70 and f?
35
Let d be (-1)/(-7) + 100/35. Suppose -a = -11 + d. What is the highest common divisor of a and 40?
8
Let s(r) = 2*r**2 - 14*r. Let t be s(12). Suppose -3*i - t = -4*i. What is the greatest common divisor of i and 15?
15
Suppose 0 = 3*s - 3*g - 48, s = -2*g + 44 - 13. Suppose 19*d - s*d = -208. Calculate the greatest common divisor of d and 8.
8
Let j be -2 + 4 + -7 - (-1 - 1). Let y(p) = 12*p**2 - 3*p + 4. Let h be y(j). Calculate the highest common factor of 22 and h.
11
Let s(v) = -v**3 + 3*v**2 + 3*v + 4. Let a be s(4). Suppose 5*t = -5*g, 18 = -a*g + g - 5*t. What is the highest common divisor of 12 and g?
3
Suppose -183*s - 1445 = -200*s. What is the highest common factor of 55 and s?
5
Let j be 2 + (-14)/(-5) + (-64)/80. Calculate the greatest common factor of j and 32.
4
Suppose 0 = 4*a - 0*l + 3*l - 72, -4*l = 0. Suppose -128 = 5*u - 938. What is the highest common divisor of u and a?
18
Let o(a) be the second derivative of a**3/6 + 15*a**2/2 + 14*a. Let q be o(-9). What is the greatest common factor of 6 and q?
6
Let z be 64/(-3)*24/(-2 - 2). What is the greatest common factor of z and 96?
32
Suppose 22*v - 90 = 13*v. Calculate the highest common divisor of 58 and v.
2
Let g(n) = -n**3 + 43*n**2 + 12. Let b be g(43). Calculate the greatest common divisor of b and 9.
3
Let x = 919 + -858. Calculate the greatest common divisor of x and 488.
61
Let g be 22/18 - -6*(-13)/351. What is the highest common divisor of g and 1?
1
Suppose 0 = -4*q - 300 - 0. Let v = 76 + q. What is the greatest common divisor of v and 4?
1
Let l(k) = k**3 + k**2 + 2*k + 1. Let c be l(-2). Let b = c + 24. Calculate the highest common factor of b and 34.
17
Let w be 3/(-15) + 26/5. Suppose 5 = -0*c + w*c. Calculate the highest common factor of 11 and c.
1
Let d(g) be the second derivative of g**4/12 + 7*g**3/6 + 21*g**2/2 - 11*g. Let f be d(-7). What is the greatest common divisor of f and 42?
21
Let x = -1 - -1. Suppose x = -2*t + 205 - 55. Let j = t - 21. Calculate the greatest common divisor of j and 36.
18
Suppose 0 = -2*l + 4*k, 0 = -2*l + 4*k + k. Suppose l = 2*g + 2*g - 16. Let q = 36 + g. Calculate the highest common divisor of q and 60.
20
Suppose 9*f - 6*f + 117 = 0. Let b be 141/13 + (-6)/f. What is the highest common factor of b and 22?
11
Let u = 9 - 2. Suppose -3*f = -u*f + 924. Suppose -2*o = -3*o + 21. Calculate the highest common factor of o and f.
21
Suppose -11*t + 13*t - 3*j - 243 = 0, t + j - 129 = 0. What is the highest common divisor of t and 210?
42
Let u = 1 - -2. Let z be ((-56)/(-4))/(u/6). What is the highest common factor of z and 42?
14
Suppose 0 = 3*t - 0*u + 3*u - 45, -2*u - 2 = 0. Let c(w) = -w**2 + 15*w + 4. Let f be c(11). What is the greatest common factor of t and f?
16
Let v(q) = 5*q + 1. Let y be v(4). Suppose -k - y = -102. What is the highest common factor of k and 27?
27
Let k = -74 - -131. Let z = -49 + k. What is the highest common factor of 2 and z?
2
Suppose 24 = -y + 5*y - 4*s, s + 5 = 0. Let n be (96/(-15))/((6/(-75))/y). Calculate the greatest common divisor of 20 and n.
20
Suppose 0 = 4*h - 1524 + 444. Let t be ((-24)/20)/((-3)/h). Calculate the greatest common divisor of 12 and t.
12
Let j be (0 - (-21 - 4)) + 12/6. What is the greatest common divisor of 351 and j?
27
Let h = 110 - -236. Suppose 8*r - h = -26. Calculate the highest common factor of r and 24.
8
Suppose -5*z = -1191 - 184. Suppose -r + 6*r = z. What is the highest common divisor of r and 5?
5
Suppose 0 = -4*f + 2*f + 4*l + 704, 2*f + 5*l - 668 = 0. What is the greatest common divisor of 8 and f?
8
Let c be ((-2)/5)/(-2 - (-399)/200). Calculate the greatest common factor of 20 and c.
20
Let x(y) = y**3 + 6*y**2 - 2*y. Let z be x(-6). Let o = -576 - -594. Calculate the greatest common factor of z and o.
6
Let a(m) = -m**2 - 16*m - 17. Let v be a(-15). Let f be v/((-164)/(-84) + -2). Let b be (3/9)/(2/f). What is the greatest common factor of 21 and b?
7
Suppose 0 = -683*x + 696*x - 2821. Calculate the greatest common factor of x and 248.
31
Suppose 0 = 4*w + 3*i - 5032, 5*w - 3*i - 8354 + 2064 = 0. What is the greatest common factor of w and 34?
34
Let a = -18 - -270. Calculate the highest common factor of 18 and a.
18
Let h = 38 + -19. Let t = h - 5. Suppose -4*l + 300 = -92. Calculate the highest common divisor of l and t.
14
Let h(k) = k**3 + 5*k**2 + 3*k + 1. Let a be h(-4). Let o = 11 - a. Suppose -2*z + o*z - 96 = 0. What is the greatest common factor of z and 24?
24
Suppose 1 = 4*i - f - 68, -2*i = f - 39. Let c be 78/(-1)*3/(-6). Let h be 7716/c - (-6)/39. Calculate the greatest common divisor of h and i.
18
Let a = -35 - -31. Let f be a/(-8) + (-50)/(-4). What is the greatest common divisor of 117 and f?
13
Let b(p) = -3*p - 17. Suppose -42 = 5*x + q, 0*q = x - q + 6. Let r be b(x). Calculate the highest common factor of r and 21.
7
Suppose -3 = -r + 1. Suppose 0 = z - 2, -5*z - 17 + 139 = r*u. What is the highest common divisor of 224 and u?
28
Suppose 72 = 6*j + 30. Calculate the highest common factor of j and 1.
1
Let t(l) = -51*l - 6. Let d be t(-1). Let z be 108/20 - 4/10. Calculate the greatest common factor of z and d.
5
Suppose 5*g + 28 - 88 = 0. Suppose 6*z - g = 3*z. What is the highest common factor of 4 and z?
4
Suppose -6*x - 7*x + 910 = 0. Calculate the highest common divisor of x and 110.
10
Let m be 12*11*(-13)/(312/(-60)). Calculate the greatest common divisor of 198 and m.
66
Let j(x) = 2*x**2 - 20*x + 253. Let r be j(10). Calculate the greatest common divisor of 46 and r.
23
Let l = -5 + 6. Let x be -5 - ((-4)/2 - l). Let t be (-26 - (-2)/(-1))/x. Calculate the greatest common divisor of t and 14.
14
Suppose 14*b = 13*b - 1. Let a be b*(-12)/(-42) - (-228)/14. Calculate the greatest common factor of a and 2.
2
Let f = 476 - 466. Calculate the highest common divisor of 45 and f.
5
Suppose 330*t - 335*t = -30. What is the highest common divisor of t and 486?
6
Let l be (-8)/(-36) + 7178/18. Suppose l + 65 = 4*m. What is the greatest common factor of 29 and m?
29
Let c(i) = 12*i**2 + 16*i - 2. Let k be c(-5). Suppose 9*l - k + 38 = 0. What is the highest common divisor of 8 and l?
4
Let f(x) be